{"id":80,"date":"2015-02-15T19:49:21","date_gmt":"2015-02-15T17:49:21","guid":{"rendered":"http:\/\/www.tsk-imperialwien.at\/?page_id=80"},"modified":"2020-02-13T07:17:00","modified_gmt":"2020-02-13T06:17:00","slug":"funktionaere","status":"publish","type":"page","link":"https:\/\/www.tsk-imperialwien.at\/?page_id=80","title":{"rendered":"Funktion\u00e4re"},"content":{"rendered":"<table>\n<tbody>\n<tr>\n<td style=\"text-align: center; vertical-align: top;\" colspan=\"2\"><strong>ATSC-IMPERIAL WIEN<\/strong><\/td>\n<td style=\"text-align: center; vertical-align: top;\" colspan=\"2\"><strong>TSK VIKTORIA<\/strong><\/td>\n<\/tr>\n<tr>\n<td><img loading=\"lazy\" decoding=\"async\" width=\"100\" height=\"100\" alt=\"Vize-Pr\u00e4sident\" src=\"https:\/\/www.tsk-imperialwien.at\/wp-content\/themes\/raindropsATSC\/images\/funktionaere\/funktionaere_vizepraesident.jpg\"><\/td>\n<td style=\"text-align: left; vertical-align: top;\"><span style=\"color: #ff0000;\"><strong>Vereinspr\u00e4sident:<br \/>\nHermann G\u00f6tz<\/strong><br \/>\nLeitender Trainer Standard<\/span><br \/>\n<strong>Festnetz: <\/strong>+43 (1) 688 71 73<br \/>\n<strong>Mobil: <\/strong>+43 (0) 664 1731380<br \/>\n<strong>E-Mail: <\/strong>h.goetz@aon.at<\/td>\n<td><img loading=\"lazy\" decoding=\"async\" width=\"100\" height=\"100\" alt=\"Schriftf\u00fchrer\" src=\"https:\/\/www.tsk-imperialwien.at\/wp-content\/themes\/raindropsATSC\/images\/funktionaere\/funktionaere_schriftfuehrer.jpg\"><\/td>\n<td style=\"text-align: left; vertical-align: top;\"><span style=\"color: #ff0000;\"><strong>Vereinspr\u00e4sident:<br \/>\nMartin Branc<\/strong><\/span><br \/>\n<strong>Mobil: <\/strong>+43 (0) 664 8131580<br \/>\n<strong>E-Mail: <\/strong>mb@fun2u.at<\/td>\n<\/tr>\n<tr>\n<td><a href=\"https:\/\/www.tsk-imperialwien.at\/wp-content\/uploads\/2015\/02\/construction.gif\"><img loading=\"lazy\" decoding=\"async\" width=\"100\" height=\"113\" alt=\"construction\" src=\"https:\/\/www.tsk-imperialwien.at\/wp-content\/uploads\/2015\/02\/construction.gif\" data-id=\"7\"><\/a><\/td>\n<td style=\"text-align: left; vertical-align: top;\"><span style=\"color: #ff0000;\"><strong>Vize-Pr\u00e4sident:<br \/>\nFranz Klaghofer<\/strong><\/span><strong><br \/>\n<\/strong><\/td>\n<td><img loading=\"lazy\" decoding=\"async\" width=\"100\" height=\"100\" alt=\"Vize-Pr\u00e4sident\" src=\"https:\/\/www.tsk-imperialwien.at\/wp-content\/themes\/raindropsATSC\/images\/funktionaere\/funktionaere_vizepraesident.jpg\"><\/td>\n<td style=\"text-align: left; vertical-align: top;\"><span style=\"color: #ff0000;\"><strong>Vize-Pr\u00e4sident:<br \/>\nHermann G\u00f6tz<\/strong><br \/>\nLeitender Trainer Standard<\/span><br \/>\n<strong>Festnetz: <\/strong>+43 (1) 688 71 73<br \/>\n<strong>Mobil: <\/strong>+43 (0) 664 1731380<br \/>\n<strong>E-Mail: <\/strong>h.goetz@aon.at<\/td>\n<\/tr>\n<tr>\n<td><img loading=\"lazy\" decoding=\"async\" width=\"100\" height=\"100\" alt=\"Kassier\" src=\"https:\/\/www.tsk-imperialwien.at\/wp-content\/themes\/raindropsATSC\/images\/funktionaere\/funktionaere_kassier.jpg\"><\/td>\n<td style=\"text-align: left; vertical-align: top;\"><span style=\"color: #ff0000;\"><strong>Kassier:<br \/>\nHeidi G\u00f6tz<\/strong><br \/>\nLeitende Trainerin Latein<\/span><br \/>\n<strong>Festnetz: <\/strong>+43 (1) 688 71 73<br \/>\n<strong>Mobil: <\/strong>+43 (0) 664 1731380<br \/>\n<strong>E-Mail: <\/strong>heidi.goetz@aon.at<\/td>\n<td><img loading=\"lazy\" decoding=\"async\" width=\"100\" height=\"100\" alt=\"Kassier\" src=\"https:\/\/www.tsk-imperialwien.at\/wp-content\/themes\/raindropsATSC\/images\/funktionaere\/funktionaere_kassier.jpg\"><\/td>\n<td style=\"text-align: left; vertical-align: top;\"><span style=\"color: #ff0000;\"><strong>Kassier<br \/>\nHeidi G\u00f6tz<\/strong><br \/>\nLeitende Trainerin Latein<\/span><br \/>\n<strong>Festnetz: <\/strong>+43 (1) 688 71 73<br \/>\n<strong>Mobil: <\/strong>+43 (0) 664 1731380<br \/>\n<strong>E-Mail: <\/strong>heidi.goetz@aon.at<\/td>\n<\/tr>\n<tr>\n<td><img loading=\"lazy\" decoding=\"async\" width=\"100\" height=\"100\" alt=\"Schriftf\u00fchrer\" src=\"https:\/\/www.tsk-imperialwien.at\/wp-content\/themes\/raindropsATSC\/images\/funktionaere\/funktionaere_schriftfuehrer.jpg\"><\/td>\n<td style=\"text-align: left; vertical-align: top;\"><span style=\"color: #ff0000;\"><strong>Schriftf\u00fchrer:<br \/>\nMartin Branc<\/strong><br \/>\nInternet<\/span><br \/>\n<strong>Mobil: <\/strong> +43 (0) 664 8131580<br \/>\n<strong>E-Mail: <\/strong>mb@fun2u.at<\/td>\n<td><a href=\"https:\/\/www.tsk-imperialwien.at\/wp-content\/uploads\/2015\/02\/construction.gif\"><img loading=\"lazy\" decoding=\"async\" width=\"100\" height=\"113\" alt=\"construction\" src=\"https:\/\/www.tsk-imperialwien.at\/wp-content\/uploads\/2015\/02\/construction.gif\" data-id=\"7\"><\/a><\/td>\n<td style=\"text-align: left; vertical-align: top;\"><span style=\"color: #ff0000;\"><strong>Schriftf\u00fchrer:<br \/>\nRenate Branc<\/strong><\/span><br \/>\n<strong>Mobil: <\/strong> +43 (0) 664 5406055<br \/>\n<strong>E-Mail: <\/strong>mb@fun2u.at<\/td>\n<\/tr>\n<tr>\n<td><a href=\"https:\/\/www.tsk-imperialwien.at\/wp-content\/uploads\/2015\/02\/construction.gif\"><img loading=\"lazy\" decoding=\"async\" width=\"100\" height=\"113\" alt=\"construction\" src=\"https:\/\/www.tsk-imperialwien.at\/wp-content\/uploads\/2015\/02\/construction.gif\" data-id=\"7\"><\/a><\/td>\n<td style=\"text-align: left; vertical-align: top;\"><span style=\"color: #ff0000;\"><strong>1. Beirat:<br \/>\nNora Holub<\/strong><\/span><\/td>\n<\/tr>\n<tr>\n<td style=\"vertical-align: top;\"><a href=\"https:\/\/www.tsk-imperialwien.at\/wp-content\/uploads\/2015\/02\/construction.gif\"><img loading=\"lazy\" decoding=\"async\" width=\"100\" height=\"113\" alt=\"construction\" src=\"https:\/\/www.tsk-imperialwien.at\/wp-content\/uploads\/2015\/02\/construction.gif\" data-id=\"7\"><\/a><\/td>\n<td style=\"text-align: left; vertical-align: top;\"><span style=\"color: #ff0000;\"><strong>2. Beirat:<br \/>\nWalter P\u00f6lzl<\/strong><\/span><\/td>\n<\/tr>\n<tr>\n<td><a href=\"https:\/\/www.tsk-imperialwien.at\/wp-content\/uploads\/2015\/02\/construction.gif\"><img loading=\"lazy\" decoding=\"async\" width=\"100\" height=\"113\" alt=\"construction\" src=\"https:\/\/www.tsk-imperialwien.at\/wp-content\/uploads\/2015\/02\/construction.gif\" data-id=\"7\"><\/a><\/td>\n<td style=\"text-align: left; vertical-align: top;\"><span style=\"color: #ff0000;\"><strong>Rechnungspr\u00fcfer:<br \/>\nChristina Achrer<\/strong><\/span><\/td>\n<\/tr>\n<tr>\n<td><\/td>\n<td style=\"text-align: left; vertical-align: top;\"><\/td>\n<\/tr>\n<\/tbody>\n<\/table>\n","protected":false},"excerpt":{"rendered":"<p>ATSC-IMPERIAL WIEN TSK VIKTORIA Vereinspr\u00e4sident: Hermann G\u00f6tz Leitender Trainer Standard Festnetz: +43 (1) 688 71 73 Mobil: +43 (0) 664 1731380 E-Mail: h.goetz@aon.at Vereinspr\u00e4sident: Martin Branc Mobil: +43 (0) 664 8131580 E-Mail: mb@fun2u.at Vize-Pr\u00e4sident: Franz Klaghofer Vize-Pr\u00e4sident: Hermann G\u00f6tz Leitender Trainer Standard Festnetz: +43 (1) 688 71 73 Mobil: +43 (0) 664 1731380 E-Mail: h.goetz@aon.at Kassier: Heidi G\u00f6tz Leitende Trainerin Latein Festnetz: +43 (1) 688 71 73 Mobil: +43 (0) 664 1731380 E-Mail: heidi.goetz@aon.at Kassier Heidi G\u00f6tz Leitende Trainerin Latein Festnetz: +43 (1) 688 71 73 Mobil: +43 (0) 664 1731380 E-Mail: heidi.goetz@aon.at Schriftf\u00fchrer: Martin Branc Internet Mobil: +43 (0) 664 8131580 E-Mail: mb@fun2u.at Schriftf\u00fchrer: Renate Branc Mobil: +43 (0) 664 5406055 E-Mail: mb@fun2u.at 1. Beirat: Nora Holub 2. Beirat: Walter P\u00f6lzl Rechnungspr\u00fcfer: Christina Achrer<\/p>\n","protected":false},"author":1,"featured_media":0,"parent":58,"menu_order":0,"comment_status":"closed","ping_status":"closed","template":"","meta":{"footnotes":""},"class_list":["post-80","page","type-page","status-publish","hentry"],"_links":{"self":[{"href":"https:\/\/www.tsk-imperialwien.at\/index.php?rest_route=\/wp\/v2\/pages\/80","targetHints":{"allow":["GET"]}}],"collection":[{"href":"https:\/\/www.tsk-imperialwien.at\/index.php?rest_route=\/wp\/v2\/pages"}],"about":[{"href":"https:\/\/www.tsk-imperialwien.at\/index.php?rest_route=\/wp\/v2\/types\/page"}],"author":[{"embeddable":true,"href":"https:\/\/www.tsk-imperialwien.at\/index.php?rest_route=\/wp\/v2\/users\/1"}],"replies":[{"embeddable":true,"href":"https:\/\/www.tsk-imperialwien.at\/index.php?rest_route=%2Fwp%2Fv2%2Fcomments&post=80"}],"version-history":[{"count":26,"href":"https:\/\/www.tsk-imperialwien.at\/index.php?rest_route=\/wp\/v2\/pages\/80\/revisions"}],"predecessor-version":[{"id":4067,"href":"https:\/\/www.tsk-imperialwien.at\/index.php?rest_route=\/wp\/v2\/pages\/80\/revisions\/4067"}],"up":[{"embeddable":true,"href":"https:\/\/www.tsk-imperialwien.at\/index.php?rest_route=\/wp\/v2\/pages\/58"}],"wp:attachment":[{"href":"https:\/\/www.tsk-imperialwien.at\/index.php?rest_route=%2Fwp%2Fv2%2Fmedia&parent=80"}],"curies":[{"name":"wp","href":"https:\/\/api.w.org\/{rel}","templated":true}]}}